- 2*y - 36. What are the prime factors of k?
2, 7
List the prime factors of 2*1/(-2) + 512 + 1.
2
Suppose 759 = 6*b - 1959. List the prime factors of b.
3, 151
Let n(j) = -3*j**3 - 3*j**2 - j + 1. Let v be n(-2). Suppose f - 140 = 5*g, -g + f = 15 + 9. Let i = v - g. What are the prime factors of i?
2, 11
Let t(f) = -f**3 - 15*f**2 + 14*f - 28. Let v be t(-16). Suppose v*d = 3*i - 407, i = -i + 4*d + 278. List the prime factors of i.
3, 43
Suppose -j = 1, 5*v + 4 + 15 = j. Let q(t) be the first derivative of t**4/4 + 4*t**3/3 - 3*t**2/2 + 6*t + 2. List the prime factors of q(v).
2, 3
Let x(w) = 24*w**2 + 27*w + 18. List the prime factors of x(-7).
3, 5, 67
Let y(p) = p**2 - 12*p + 13. Let o be y(11). Suppose 45 = -7*t + o*t. Let w(k) = -4*k - 12. List the prime factors of w(t).
2, 3
Let p = 824 + 628. List the prime factors of p.
2, 3, 11
Let q(i) be the third derivative of -i**5/60 + i**4/3 + 19*i**3/6 - 8*i**2. What are the prime factors of q(6)?
31
Let z(p) = 189*p + 16. What are the prime factors of z(2)?
2, 197
Let h(i) = i**2 - 20*i + 20. What are the prime factors of h(33)?
449
Suppose 2*l - a - 933 = 0, -3*l + 5*a + 725 + 657 = 0. What are the prime factors of l?
7, 67
Let v be 1/((-15)/(-20)*(-6)/(-9)). Suppose 0 = -4*q, 5*h + 2*q = -v*q + 1075. List the prime factors of h.
5, 43
Suppose -10*v + 3*s + 579 = -7*v, s = -2*v + 371. Let d = 288 - v. What are the prime factors of d?
2, 5
Let a = -186 + 544. Suppose -7*t + 97 = -a. What are the prime factors of t?
5, 13
Suppose -5*x = 3*k - 10*x - 7828, -4*x = -5*k + 13064. List the prime factors of k.
2, 3, 109
Let k be (3 + (-5)/2)*12. Suppose 0 = -2*b - k, b - 2 = 4*u + 3. List the prime factors of (-1 - u)/(7/189).
3
What are the prime factors of 4 + 0 + 10/5 + 376?
2, 191
Let b = 49 - 46. Suppose 317 = b*p - 352. List the prime factors of p.
223
Suppose 5*d + 148 = 4*s, -3*s - 5*d + 146 = -0*s. Let v = 83 - s. List the prime factors of v.
41
Suppose 7623 = 5*m + 2*x - 5*x, m = 2*x + 1526. List the prime factors of m.
2, 3, 127
Let x = 1531 - -2253. What are the prime factors of x?
2, 11, 43
Let a = -1720 + 2428. List the prime factors of a.
2, 3, 59
Suppose 1321 = 2*a + 5*b, -3340 = -5*a - 5*b - 0*b. What are the prime factors of a?
673
Let k(i) = i**3 + 3*i**2 + 5*i + 2. Let h(g) = -4*g**3 - 9*g**2 - 16*g - 6. Let f(z) = -2*h(z) - 7*k(z). What are the prime factors of f(6)?
2, 11
Suppose 8*v + 5632 = 19*v. Let z = -274 + v. List the prime factors of z.
2, 7, 17
List the prime factors of ((-3)/(-60)*45)/(3/1000).
2, 3, 5
Suppose 0 = 4*v + 38 - 46. Suppose 0 = 4*b - 4*r - 96, v*b + 2*b = 3*r + 101. List the prime factors of b.
29
Let q(p) = 4*p - 8. Suppose 0 = h + r - 13, -4*h - 5*r + 3*r = -46. List the prime factors of q(h).
2
Let s = -125 - -129. Suppose 3*z - d + 177 = 5*z, -s*z + 3*d + 339 = 0. List the prime factors of z.
3, 29
Suppose -2*n + 862 = -y, -2*n + 3*y - 1714 = -6*n. What are the prime factors of n?
2, 5, 43
Suppose -2*s - 2 = -2*k, k - 4*s = -0*k - 5. Suppose -8*t + k*t + 50 = 0. Let q(f) = 3*f - 6. List the prime factors of q(t).
2, 3
Suppose -v + 2 = -0*v. Suppose 0 = -3*b - v*c + 466, 4*b = -3*c + 296 + 326. Suppose 0 = 5*w - b - 76. List the prime factors of w.
2, 23
Let m = 14 + 565. What are the prime factors of m?
3, 193
Let a(i) = -i**3 - 11*i**2 - 37*i - 61. What are the prime factors of a(-15)?
2, 17, 41
Suppose -7498 = -2*k - 58*s + 56*s, 18724 = 5*k - 2*s. What are the prime factors of k?
2, 1873
What are the prime factors of (207 + 0)*(-4)/(-24)*6?
3, 23
Let d(q) = 55*q - 31 - 11*q + 30. List the prime factors of d(1).
43
Let q(s) = -9*s - 6. Let f be q(-6). Suppose -10*i + 14*i = -f. What are the prime factors of 97/4 - (-3)/i?
2, 3
Let v(o) = 15*o - 1. Let g be v(7). Let j = -18 + g. What are the prime factors of j?
2, 43
Suppose 8 + 8 = 2*j. Suppose -3*d + j + 4 = 0. Suppose 2*h + 4*o - 6 = 0, 27 = 4*h + h + d*o. What are the prime factors of h?
7
Let g(f) be the second derivative of 269*f**4/12 - f**3/2 + 3*f**2/2 + 45*f. List the prime factors of g(1).
269
Suppose 27*c = -8*c + 20790. List the prime factors of c.
2, 3, 11
Suppose 1021*r = 1029*r - 13512. List the prime factors of r.
3, 563
Suppose 6*i + 2857 = 7153. What are the prime factors of i?
2, 179
Let v(w) = 2*w**2 - 35*w + 1. Let g be v(19). Suppose 6*x - 394 = -g. What are the prime factors of x?
2, 7
Suppose -6*z + 9*z - 24 = 0. Suppose 0 = o, q + o - z = 2*o. Suppose 0 = 4*r - q*r + 164. List the prime factors of r.
41
Let v(r) = -75*r + 260. What are the prime factors of v(-24)?
2, 5, 103
Let y = -165 + 421. What are the prime factors of y?
2
What are the prime factors of (12*10/(-60))/(4/(-11486))?
5743
Let k = 55 + 57. Let h = -29 + 35. What are the prime factors of 8/24 + k/h?
19
Suppose 7*j - 9*j = -5*g + 16030, 2*g - 6423 = 3*j. What are the prime factors of g?
2, 3, 89
List the prime factors of 5/(-3) - 123620/(-84).
2, 3, 5, 7
Suppose 4*g = 11 + 1. Suppose -q = g*c + 2*q - 48, 3*c - 2*q = 28. What are the prime factors of c?
2, 3
Let z(k) = 2*k + 29. Let a(h) = -h + 2. Let d be a(2). Let u be z(d). Suppose -2*j = -j - u. What are the prime factors of j?
29
Let c(d) be the first derivative of d**2/2 + 7*d + 12. List the prime factors of c(9).
2
Let u(w) = -w**2 + 10*w - 6. Let g be u(9). Suppose g*y - 14 + 5 = 0. Suppose 0 = 2*z - 11 - y. What are the prime factors of z?
7
Suppose 5*r + m - 4 = 14, r + 2*m = 9. Suppose -r*p = -6*p + 315. List the prime factors of p.
3, 5, 7
Let x = -1196 - -2014. What are the prime factors of x?
2, 409
Let z = 1619 + -924. Suppose 1699 + z = 9*p. What are the prime factors of p?
2, 7, 19
Suppose 18 = -11*r - 37. What are the prime factors of (r + 1)/(4/(-94))?
2, 47
Let z = -2648 - -3731. List the prime factors of z.
3, 19
Suppose 3*h - 992 = 283. What are the prime factors of h?
5, 17
Suppose 7*y - y - 744 = 0. Let z = y + -80. List the prime factors of z.
2, 11
Let t be -4 + (0 - 0/5). Let z be 18/12*t/3. What are the prime factors of (-100)/(-3) + z/6?
3, 11
Suppose 894 = 5*z - 1051. Suppose 3*f + l + 150 = 551, -3*f + 5*l + z = 0. What are the prime factors of f?
7, 19
Let a = 4770 + -2844. List the prime factors of a.
2, 3, 107
Let p(g) = 217*g + 28. List the prime factors of p(4).
2, 7
Let c = 4 - 2. Suppose -199 = -c*m + 2*f - f, 2*f = -2. List the prime factors of m.
3, 11
Let p(i) = 351*i**2 - 17*i + 53. What are the prime factors of p(3)?
29, 109
Let q = 43 + -38. Suppose 0 = -q*f - 200 + 615. What are the prime factors of f?
83
Let s(q) = -6*q**2 - q. Let y be s(1). Let g(k) be the second derivative of k**5/20 + 2*k**4/3 + 5*k**3/6 - 2*k**2 + 36*k. What are the prime factors of g(y)?
2, 5
Let l = -97 + 194. Suppose 3*k = -4*h + 64, 4*k - 3*h = -k + l. What are the prime factors of k?
2, 5
Suppose j - 246 + 59 = 0. What are the prime factors of j?
11, 17
Suppose -40*s + 35*s - 25 = 0. Let m(t) be the first derivative of -t**4/4 - t**3 + 3*t**2 + 3*t - 2. What are the prime factors of m(s)?
23
Let o = 1333 + -357. Suppose 3*z - 19*z = -o. What are the prime factors of z?
61
Let i(p) = 2782*p**2 + 2 - p - p - 2777*p**2. Let v be 1*(1 + 2)*-1. What are the prime factors of i(v)?
53
Let q(d) = d**2 + 3*d - 6. Let z(t) = -t**3 + 8*t**2 - 6*t - 6. Let i be z(7). Let y be (12/2)/(i - 2). List the prime factors of q(y).
2, 3
Suppose -3*u + 5*s = 10, 9 = 5*s - 1. Suppose 4*n + 0*n - 72 = u. Let z = -4 + n. What are the prime factors of z?
2, 7
Let x(v) = -2*v - 2. Let b(l) = -l - 1. Let p(j) = 12*b(j) - 3*x(j). What are the prime factors of p(-6)?
2, 3, 5
Suppose -5*v + r = -265, -17*r + 19*r + 10 = 0. What are the prime factors of v?
2, 13
Suppose o - 4*j - 265 = 0, 0*j + 5*j + 261 = o. List the prime factors of o.
281
Let h(c) be the second derivative of -c**3/6 + 19*c**2/2 + 29*c. List the prime factors of h(15).
2
Let g = -180 + 272. Let b(o) = 39*o**3 + 2*o**2 - 2*o + 1. Let a be b(1). Suppose -4*n = -4*v - a - g, 39 = n - 4*v. List the prime factors of n.
31
Let d(w) = -3*w + 15. Let h be d(5). Suppose h*p + p - 2*j = 292, -3*j + 921 = 3*p. List the prime factors of p.
2, 151
Let r(b) = b**3 - 16*b**2 + 4*b + 2. Let w(y) = -10*y - 14. Let n be w(-3). What are the prime factors of r(n)?
2, 3, 11
Suppose 12986 + 11126 = 22*l. List the pri